{"id":149,"date":"2015-04-19T21:20:13","date_gmt":"2015-04-19T19:20:13","guid":{"rendered":"http:\/\/localhost\/wordpress\/?page_id=149"},"modified":"2025-07-31T02:50:38","modified_gmt":"2025-07-31T00:50:38","slug":"kronika-szczepu-kraka","status":"publish","type":"page","link":"https:\/\/bractwo.krakowpodgorze.zhp.pl\/index.php\/historia-bractwa\/kronika-szczepu-kraka\/","title":{"rendered":"Kronika Szczepu &#8222;Kraka&#8221; im. mjr. Henryka Sucharskiego"},"content":{"rendered":"<p>Jak m\u00f3wi\u0105 \u017ar\u00f3d\u0142a ustne na Krzemionkach w pobli\u017cu Wzg\u00f3rza Lasoty w Szkole Podstawowej nr 29 w 1928 roku powsta\u0142a 5 PgDH im. Zawiszy Czarnego. Dowodem na to jest fakt, \u017ce na 20-lecie dru\u017cyny w 1948 roku otrzyma\u0142a ona sztandar.<\/p>\n<h2>1928-1965<\/h2>\n<p>Pocz\u0105tkowo by\u0142a to dru\u017cyna kolejowa i nosi\u0142a granatowo-amarantowe chusty. Okres od powstania dru\u017cyny do roku 1934 nie jest znany. W 1934 roku z inicjatywy dh. hm Mieczys\u0142awa Goduli, reaktywowano dzia\u0142alno\u015b\u0107 &#8222;PI\u0104TKI&#8221;. Dru\u017cyn\u0119 obj\u0119li dh Piotr Mucha i dh W\u0142adys\u0142aw Czernecki ( wg informacji dh Mieczys\u0142awa Goduli obaj zgin\u0119li w czasie dzia\u0142a\u0144 II Wojny \u015awiatowej).<\/p>\n<p>Do dnia 1 wrze\u015bnia 1939 roku, czyli do wybuchu wojny dru\u017cyn\u0119 prowadzili bracia Rysiowie. Kr\u00f3tko przed wybuchem wojny przy &#8222;PI\u0104TCE&#8221; powsta\u0142y dwie dru\u017cyny zuchowe prowadzone przez dh Edwarda Paradzisza. Po zako\u0144czeniu wojny dru\u017cyna podj\u0119\u0142a dzia\u0142alno\u015b\u0107 w 1945 roku. Dru\u017cynowym by\u0142 Tadeusz Zgud. Przy &#8222;PI\u0104TCE&#8221; dzia\u0142alno\u015b\u0107 rozpocz\u0119\u0142a gromada zuchowa, kt\u00f3rej dru\u017cynowym by\u0142 dh Berny.<\/p>\n<p>Na dwudziestolecie dzia\u0142alno\u015bci- 25 kwietnia 1948 roku 5PgDH im. Zawiszy Czarnego otrzyma\u0142a sztandar. Dru\u017cynowym by\u0142 dh phm. Kazimierz Blotko p\u00f3\u017aniejszy komendant Hufc\u00f3w Miejskich w Krakowie. W uroczysto\u015bci wzi\u0105\u0142 udzia\u0142 ksi\u0105\u017c\u0119 kard. Stefan Sapiecha.<\/p>\n<p>Po reaktywowaniu dzia\u0142alno\u015bci ZHP w 1956 roku dru\u017cyn\u0119 przej\u0105\u0142 Dh Stanis\u0142aw Czare\u0144ski. W roku 1961 5 PgDH obj\u0105\u0142 dh Stanis\u0142aw \u015amietana. W tym czasie dru\u017cyna bra\u0142a udzia\u0142 w obozach np. w Ma\u0142astowie, Tyliczu, Dylakach, Frydmanie, Szczawie. W latach 1960-1965 przy &#8222;PI\u0104TCE&#8221; dzia\u0142a\u0142a 5 dru\u017cyna zuch\u00f3w &#8222;Rycerze&#8221;. W 1965 roku dru\u017cynowym by\u0142 Czes\u0142aw Rzo\u0144ca.<\/p>\n<h2>1967-1990<\/h2>\n<p>W 1966 roku dru\u017cyn\u0119 przej\u0105\u0142 pwd. Henryk Czechowski. Pa\u017adziernik rozpocz\u0105\u0142 now\u0105 er\u0119 w historii 5 Dru\u017cyny Harcerzy im. Zawiszy Czarnego. Po rozmowach w komendzie hufca z \u00f3wczesnym komendantem hm St. Sp\u00f3lnikiem dh phm. St. \u015amietana wraz z \u017con\u0105 pwd. Krystyn\u0105 \u015amietan\u0105 postanowili na bazie 5 Dru\u017cyny Harcerzy im. Zawiszy czarnego, zorganizowa\u0107 szczep. W tym roku obok 5 DH-rzy powsta\u0142a 5 Dru\u017cyna Harcerek im. Stefanii Sempo\u0142owskiej i 5 Koedukacyjna Dru\u017cyna Zuch\u00f3w.<\/p>\n<p>Szczep zosta\u0142 oficjalnie powo\u0142any 30 pa\u017adziernika 1968 r.<\/p>\n<p>W roku harcerskim 1970\/71 szczep liczy\u0142 sze\u015b\u0107 dru\u017cyn, a mianowicie:<\/p>\n<ul>\n<li>5 Dru\u017cyna Harcerzy im. Zawiszy Czarnego,<\/li>\n<li>5 Dru\u017cyna Harcerzy &#8222;B&#8221;,<\/li>\n<li>5 Dru\u017cyna Harcerek im. Stefanii Sempo\u0142owskiej,<\/li>\n<li>5 Dru\u017cyna Harcerek im. Zofii Na\u0142kowskiej,<\/li>\n<li>5 \u017be\u0144ska Dru\u017cyna Zuch\u00f3w &#8222;Pracowite Pszcz\u00f3\u0142ki&#8221;<\/li>\n<li>5 M\u0119ska Dru\u017cyna Zuch\u00f3w &#8222;Podg\u00f3rscy Rycerze&#8221;.<\/li>\n<\/ul>\n<p>W roku 1972\/73 szczep by\u0142 u szczytu pr\u0119\u017cno\u015bci organizacyjnej, przodowa\u0142 r\u00f3wnie\u017c w Hufcu Podg\u00f3rskim. W roku 1974 Komenda Hufca w uznaniu pracy kadry instruktorskiej otworzy\u0142a dla szczepu rok sztandarowy. Praca w szczepie, w roku sztandarowym prowadzona by\u0142a dwutorowo. Realizowano normaln\u0105 prac\u0119 programow\u0105 wynikaj\u0105c\u0105 z planu pracy, oraz realizowano kierunki kampanii sztandarowej: podniesienie sprawno\u015bci organizacyjnej dru\u017cyn, praca z Prawem Harcerskim oraz z sylwetk\u0105 bohatera majora Henryka Sucharskiego. Uroczysto\u015b\u0107 wr\u0119czenia sztandaru odby\u0142a si\u0119 podczas wiosennego przegl\u0105du Hufca Krak\u00f3w-Podg\u00f3rze- 30 kwietnia 1975 roku.<\/p>\n<p>W okresie od 1968-1982 roku zuch i harcerze szczepu Kraka brali udzia\u0142 w realizacji wszystkich kierunk\u00f3w programowych ustanowionych przez w\u0142adze harcerskie. W roku 1984 szczep pracowa\u0142 czterema dru\u017cynami: 5 Dru\u017cyna Harcerzy im. Zawiszy Czarnego, 5 Dru\u017cyna Harcerek im. Stefanii Sempo\u0142owskiej, 5 Dru\u017cyna Zuch\u00f3w &#8222;Pracowite Pszcz\u00f3\u0142ki&#8221;, 5 M\u0119ska Dru\u017cyna Zuch\u00f3w &#8222;Podg\u00f3rscy Rycerze&#8221;.<\/p>\n<p>Kadr\u0119 szczepu stanowili: hm Stanis\u0142aw \u015amietana, hm Krystyna \u015amietana, phm. Stanis\u0142aw W\u0119grzynowicz, phm. Janusz K\u0105kol, pwd. Miros\u0142aw Pach, Piotr Witkowski, Jaros\u0142aw Ka\u0144ski, Renata Ku\u017ama, Anna Maj.<\/p>\n<p>Szczep specjalizowa\u0142 si\u0119 w organizacji imprez turystycznych i oboz\u00f3w letnich. Szczeg\u00f3lnie sprawnie przeprowadzone by\u0142y takie imprezy turystyczne jak Biwak Alertowy w 1968 roku i Wielkie Manewry Ko\u015bciuszkowskie w 1971 roku.<\/p>\n<p>Do szczeg\u00f3lnych osi\u0105gni\u0119\u0107 szczepu nale\u017cy trzykrotne (pod rz\u0105d) zwyci\u0119stwo w rajdach hufca Krak\u00f3w-Podg\u00f3rze oraz zwyci\u0119stwo w turnieju trzech szczep\u00f3w s\u0142owia\u0144skich.<\/p>\n<p>Wszystkie letnie obozy sta\u0142e szczepu by\u0142y wysoko oceniane prze w\u0142adze harcerskie \/od 1973 obozy otrzymywa\u0142y ocen\u0119: wzorowy.<\/p>\n<h2>1990-1996<\/h2>\n<p>W 1990 roku dh Stanis\u0142aw \u015amietana zrezygnowa\u0142 z funkcji szczepowego. Jego miejsce zaj\u0119\u0142a dh Renata Filipowska. Nastawa\u0142 ju\u017c jednak zmierzch szczepu &#8222;Kraka&#8221;. Dzia\u0142a\u0142y ju\u017c jedynie dwie dru\u017cyny: koedukacyjna &#8222;PI\u0104TKA&#8221; prowadzona przez dh Mart\u0119 \u015amietan\u0119 oraz koedukacyjna gromada zuchowa &#8222;Pracowite Pszcz\u00f3\u0142ki&#8221;, kt\u00f3rej dru\u017cynow\u0105 by\u0142a dh Anita Piskorz (5 PgDH-ek im. Stefanii Sempo\u0142owskiej zawiesi\u0142a swoj\u0105 dzia\u0142alno\u015b\u0107 w 1989 roku a 5 PgDH w roku 1990).<\/p>\n<p>Dh Renata Filipowska prowadzi\u0142a szczep do wrze\u015bnia 1991 roku. P\u00f3\u017aniej mniej wi\u0119cej do stycznia 1992 mo\u017cna powiedzie\u0107, \u017ce wszystko sz\u0142o &#8222;drog\u0105 rozp\u0119du&#8221;.<\/p>\n<p>Szacuje si\u0119 wi\u0119c, \u017ce to w\u0142a\u015bnie w tym czasie nast\u0105pi\u0142 ca\u0142kowity rozpad szczepu Kraka. 5 Podg\u00f3rska Dru\u017cyna Harcerska zawiesi\u0142a swoj\u0105 dzia\u0142alno\u015b\u0107 i przez pewien czas istnia\u0142a jedynie prowadzona przez dh Anit\u0119 Piskorz gromada zuchowa &#8222;Pracowite Pszcz\u00f3\u0142ki&#8221;.<\/p>\n<p>We wrze\u015bniu 1992 dh Anita Piskorz podj\u0119\u0142a si\u0119 odtworzenia dru\u017cyny harcerskiej i powsta\u0142a 5 Koedukacyjna Dru\u017cyna Harcerska. W tym czasie dru\u017cyn\u0119 zuchow\u0105 prowadzi\u0142a dh Katarzyna Baran. Po nied\u0142ugim czasie gromada zaprzesta\u0142a dzia\u0142ania. Pr\u00f3by jej odnowy podj\u0119\u0142a si\u0119 w 1995 roku dh Renata Stramek. Powsta\u0142a 5 Koedukacyjna Dru\u017cyna Zuchowa &#8222;Pracowite Pszcz\u00f3\u0142ki&#8221;. Nie istnia\u0142a jednak d\u0142ugo, gdy\u017c jedynie do wakacji 1996 roku.<\/p>\n<h2>1997<\/h2>\n<p>Rok 1997 by\u0142 prze\u0142omowy w dziejach &#8222;PI\u0104TKI&#8221;. Dh. Anita Piskorz rezygnuje z dalszej dzia\u0142alno\u015bci w dru\u017cynie, a jej miejsce zajmuje dotychczasowa przyboczna dh. Magdalena Wo\u0142kowska.<\/p>\n<p>5 Podg\u00f3rska Dru\u017cyna Harcerek odt\u0105d jest m\u0142odszoharcersk\u0105 dru\u017cyn\u0105 \u017ce\u0144sk\u0105. Liczy ona 12 harcerek. Funkcj\u0119 przybocznej oraz kwatermistrza dru\u017cyny pe\u0142ni dh. Renata Stramek. Drug\u0105 przyboczn\u0105 jest dh. Anna Bobrowicz. W dru\u017cynie dzia\u0142aj\u0105 dwa zast\u0119py:<\/p>\n<ul>\n<li>&#8222;Nocne Wied\u017amy&#8221;<\/li>\n<li>&#8222;Scharedach&#8221;<\/li>\n<\/ul>\n<p>Dru\u017cyna dzia\u0142a przy Szkole Podstawowej Nr 29 im. Jana Matejki, przy Al. Dembowskiego 12 w Krakowie, gdzie ma sta\u0142e miejsce spotka\u0144 &#8211; harc\u00f3wk\u0119.<\/p>\n<p>Dru\u017cyna bierze udzia\u0142 w imprezach Hufca i Chor\u0105gwi jak np. Z\u0142az Hufca, Betlejemskie \u015awiat\u0142o Pokoju czy akcja ZHP &#8222;Nie\u015b\u0107 Ch\u0119tn\u0105 Pomoc&#8221;. 5 PgDH-ek jest r\u00f3wnie\u017c organizatorem wycieczek dla 29 PgDH-ek &#8222;OMAN&#8221; i 29 PgDH &#8222;ARNHEM&#8221; np. na Hal\u0119 Maciejow\u0105 czy Hal\u0119 Rysianki.<\/p>\n<p>Dru\u017cyna uczestniczy w obozach organizowanych przez 29 PgDH \/ocenianych wzorowo\/. Cz\u0142onkowie dru\u017cyny bior\u0105 r\u00f3wnie\u017c udzia\u0142 w organizowanych przez Komend\u0119 Hufca kursach np. kurs dru\u017cynowych harcerskich.<\/p>\n<h2>1998<\/h2>\n<p>Na pocz\u0105tku kwietnia 1998 5 PgDH-ek rozpocz\u0119\u0142a kampani\u0119 w celu zdobycia nazwy &#8222;EASTWICK&#8221;. Nazwa ta zwi\u0105zana jest z zaplanowan\u0105 przez dru\u017cyn\u0119 obrz\u0119dowo\u015bci\u0105: CZAROWNICE- \u015aWIAT CZAR\u00d3W I MAGII. Zako\u0144czenie kampanii nast\u0105pi\u0142o w 1999r. kiedy to specjalnym rozkazem (Rozkaz Specjalny L2\/99 z dnia 4.12.1999) komendanta Hufca Krak\u00f3w-Podg\u00f3rze zostaje nadana nazwa dru\u017cyny.<\/p>\n<p><strong>Opracowa\u0142y:<br \/><\/strong><strong>pwd. Renata Stramek<br \/><\/strong><strong>pwd. Magdalena Wo\u0142kowska<br \/><\/strong><strong>pwd. Agnieszka Pi\u017cuch<\/strong><\/p>\n\n\n<h2 class=\"wp-block-heading\">Komendanci szczepu:<\/h2>\n\n\n\n<ul class=\"wp-block-list\">\n<li>hm. Stanis\u0142aw \u015amietana (1968-1977)<\/li>\n\n\n\n<li>hm. Krystyna \u015amietana (1977-1981)<\/li>\n\n\n\n<li>hm. Stanis\u0142aw \u015amietana (1981-1989)<\/li>\n\n\n\n<li>pwd. Renata Filipowska (1989-1990)<\/li>\n<\/ul>\n","protected":false},"excerpt":{"rendered":"<p>Jak m\u00f3wi\u0105 \u017ar\u00f3d\u0142a ustne na Krzemionkach w pobli\u017cu Wzg\u00f3rza Lasoty w Szkole Podstawowej nr 29 w 1928 roku powsta\u0142a 5 PgDH im. Zawiszy Czarnego. Dowodem na to jest fakt, \u017ce na 20-lecie dru\u017cyny w 1948 roku otrzyma\u0142a ona sztandar. 1928-1965 Pocz\u0105tkowo by\u0142a to dru\u017cyna kolejowa i nosi\u0142a granatowo-amarantowe chusty. Okres od powstania dru\u017cyny do roku [&hellip;]<\/p>\n","protected":false},"author":1,"featured_media":393,"parent":147,"menu_order":0,"comment_status":"closed","ping_status":"closed","template":"","meta":{"footnotes":""},"class_list":["post-149","page","type-page","status-publish","has-post-thumbnail","hentry"],"_links":{"self":[{"href":"https:\/\/bractwo.krakowpodgorze.zhp.pl\/index.php\/wp-json\/wp\/v2\/pages\/149","targetHints":{"allow":["GET"]}}],"collection":[{"href":"https:\/\/bractwo.krakowpodgorze.zhp.pl\/index.php\/wp-json\/wp\/v2\/pages"}],"about":[{"href":"https:\/\/bractwo.krakowpodgorze.zhp.pl\/index.php\/wp-json\/wp\/v2\/types\/page"}],"author":[{"embeddable":true,"href":"https:\/\/bractwo.krakowpodgorze.zhp.pl\/index.php\/wp-json\/wp\/v2\/users\/1"}],"replies":[{"embeddable":true,"href":"https:\/\/bractwo.krakowpodgorze.zhp.pl\/index.php\/wp-json\/wp\/v2\/comments?post=149"}],"version-history":[{"count":6,"href":"https:\/\/bractwo.krakowpodgorze.zhp.pl\/index.php\/wp-json\/wp\/v2\/pages\/149\/revisions"}],"predecessor-version":[{"id":1794,"href":"https:\/\/bractwo.krakowpodgorze.zhp.pl\/index.php\/wp-json\/wp\/v2\/pages\/149\/revisions\/1794"}],"up":[{"embeddable":true,"href":"https:\/\/bractwo.krakowpodgorze.zhp.pl\/index.php\/wp-json\/wp\/v2\/pages\/147"}],"wp:featuredmedia":[{"embeddable":true,"href":"https:\/\/bractwo.krakowpodgorze.zhp.pl\/index.php\/wp-json\/wp\/v2\/media\/393"}],"wp:attachment":[{"href":"https:\/\/bractwo.krakowpodgorze.zhp.pl\/index.php\/wp-json\/wp\/v2\/media?parent=149"}],"curies":[{"name":"wp","href":"https:\/\/api.w.org\/{rel}","templated":true}]}}