{"id":153,"date":"2015-04-19T21:22:43","date_gmt":"2015-04-19T19:22:43","guid":{"rendered":"http:\/\/localhost\/wordpress\/?page_id=153"},"modified":"2026-03-11T19:28:11","modified_gmt":"2026-03-11T18:28:11","slug":"wykaz-druzyn","status":"publish","type":"page","link":"https:\/\/bractwo.krakowpodgorze.zhp.pl\/index.php\/historia-bractwa\/wykaz-druzyn\/","title":{"rendered":"Wykaz dru\u017cyn"},"content":{"rendered":"\n<h2 class=\"wp-block-heading\" id=\"srodowisko-podgorskie\">\u015arodowisko Podg\u00f3rskie<\/h2>\n\n\n\n<h3 class=\"wp-block-heading\" id=\"wykaz-jednostek-organizacyjnych-istniejacych-przed-powstaniem-szczepu-kraka-1928-1968\">Wykaz jednostek organizacyjnych istniej\u0105cych przed powstaniem Szczepu \u201eKraka\u201d (1928 &#8211; 1968)<\/h3>\n\n\n\n<h4 class=\"wp-block-heading\" id=\"druzyny-gromady-zuchowe\">Dru\u017cyny (gromady) Zuchowe:<\/h4>\n\n\n\n<ul class=\"wp-block-list\">\n<li>Dru\u017cyna Zuch\u00f3w przy 5 PgDH (- 1939)<\/li>\n\n\n\n<li>Dru\u017cyna Zuch\u00f3w przy 5 PgDH ( &#8211; 1939)<\/li>\n\n\n\n<li>Dru\u017cyna Zuch\u00f3w przy 5 PgDH (1945 &#8211; 1950)<\/li>\n\n\n\n<li>5 Dru\u017cyna Zuch\u00f3w \u201eRycerze\u201d (1960 &#8211; 1965)<\/li>\n<\/ul>\n\n\n\n<h4 class=\"wp-block-heading\" id=\"druzyny-harcerskie\">Dru\u017cyny Harcerskie:<\/h4>\n\n\n\n<ul class=\"wp-block-list\">\n<li>5 PgDH im. Zawiszy Czarnego (1928 &#8211; z przerwami w okresie 1939 &#8211; 1945 oraz 1950 &#8211; 1956)<\/li>\n<\/ul>\n\n\n\n<h3 class=\"wp-block-heading\" id=\"wykaz-jednostek-organizacyjnych-dzialajacych-w-szczepie-kraka-1968-1990\">Wykaz jednostek organizacyjnych dzia\u0142aj\u0105cych w Szczepie \u201eKraka\u201d (1968 &#8211; 1990)<\/h3>\n\n\n\n<h4 class=\"wp-block-heading\" id=\"druzyny-gromady-zuchowe\">Dru\u017cyny (gromady) Zuchowe:<\/h4>\n\n\n\n<ul class=\"wp-block-list\">\n<li>5 Koedukacyjna Dru\u017cyna Zuch\u00f3w (1966 &#8211; 1967)<\/li>\n\n\n\n<li>5 \u017be\u0144ska Dru\u017cyna Zuch\u00f3w &#8222;Pracowite Pszcz\u00f3\u0142ki&#8221; (1967 &#8211; przed 1990)<\/li>\n\n\n\n<li>5 M\u0119ska Dru\u017cyna Zuch\u00f3w &#8222;Podg\u00f3rscy Rycerze&#8221; (1967 &#8211; ok. 1992)<\/li>\n<\/ul>\n\n\n\n<h4 class=\"wp-block-heading\" id=\"druzyny-harcerskie\">Dru\u017cyny Harcerskie:<\/h4>\n\n\n\n<ul class=\"wp-block-list\">\n<li>5 Dru\u017cyny Harcerzy im. Zawiszy Czarnego (1928 ? &#8211; zawieszenie dzia\u0142alno\u015bci w 1992)<\/li>\n\n\n\n<li>5 Dru\u017cyna Harcerek im. Stefanii Sempo\u0142owskiej (1966 &#8211; 1989)<\/li>\n\n\n\n<li>5 Dru\u017cyna Harcerzy &#8222;B&#8221; (1967 &#8211; 1990)<\/li>\n\n\n\n<li>5 Dru\u017cyna Harcerek im. Zofii Na\u0142kowskiej (1967 &#8211; przed 1990)<\/li>\n<\/ul>\n\n\n\n<h3 class=\"wp-block-heading\" id=\"wykaz-jednostek-organizacyjnych-z-lat-1991-1999\">Wykaz jednostek organizacyjnych z lat (1991 &#8211; 1999)<\/h3>\n\n\n\n<h4 class=\"wp-block-heading\" id=\"druzyny-gromady-zuchowe\">Dru\u017cyny (gromady) Zuchowe:<\/h4>\n\n\n\n<ul class=\"wp-block-list\">\n<li>5 M\u0119ska Dru\u017cyna Zuch\u00f3w &#8222;Podg\u00f3rscy Rycerze&#8221; (1995 &#8211; 1996)<\/li>\n<\/ul>\n\n\n\n<h4 class=\"wp-block-heading\" id=\"druzyny-harcerskie\">Dru\u017cyny Harcerskie:<\/h4>\n\n\n\n<ul class=\"wp-block-list\">\n<li>5 Koedukacyjna Dru\u017cyna Harcerska (1992 &#8211; nadal)\n<ul class=\"wp-block-list\">\n<li>w okresie 1997 &#8211; 2002 dru\u017cyna \u017ce\u0144ska<\/li>\n\n\n\n<li>od 1999 Dru\u017cyna nosi nazw\u0119 5 Podg\u00f3rskiej Dru\u017cyny Harcerek \u201eEASTWICK\u201d<\/li>\n<\/ul>\n<\/li>\n<\/ul>\n\n\n\n<h2 class=\"wp-block-heading\" id=\"srodowisko-debnickie\">\u015arodowisko D\u0119bnickie<\/h2>\n\n\n\n<h3 class=\"wp-block-heading\" id=\"wykaz-jednostek-organizacyjnych-w-szczepie-debnickim-1970-1989\">Wykaz jednostek organizacyjnych w Szczepie \u201eD\u0119bnickim\u201d (1970 &#8211; 1989)<\/h3>\n\n\n\n<h4 class=\"wp-block-heading\" id=\"gromady-zuchowe\">Gromady Zuchowe:<\/h4>\n\n\n\n<ul class=\"wp-block-list\">\n<li>Gromada Zuchowa przy SP nr 110 (1969 &#8211; 1988)<\/li>\n\n\n\n<li>Gromada Zuchowa przy SP nr 110 (1969 &#8211; 1988)<\/li>\n\n\n\n<li>Gromada Zuchowa przy SP nr 110 (istnia\u0142a w 1987 &#8211; 1988)<\/li>\n\n\n\n<li>Gromada Zuchowa przy SP nr 110 (istnia\u0142a w 1987 &#8211; 1988)<\/li>\n\n\n\n<li>Gromada Zuchowa przy SP nr 110 (istnia\u0142a w 1987 &#8211; 1988)<\/li>\n<\/ul>\n\n\n\n<h4 class=\"wp-block-heading\" id=\"druzyny-harcerskie\">Dru\u017cyny Harcerskie:<\/h4>\n\n\n\n<ul class=\"wp-block-list\">\n<li>Dru\u017cyna Harcerek przy SP nr 110 (1969 &#8211; 1989)<\/li>\n\n\n\n<li>Dru\u017cyna Harcerzy przy SP nr 110 (1970 &#8211; 1989)<\/li>\n\n\n\n<li>29 Dru\u017cyna Harcerzy \u201eArnhem\u201d im. gen. St. F. Sosabowskiego. (1989-2010)\n<ul class=\"wp-block-list\">\n<li>Kampania bohater zako\u0144czona w 1992 roku<\/li>\n<\/ul>\n<\/li>\n<\/ul>\n\n\n\n<h3 class=\"wp-block-heading\" id=\"wykaz-jednostek-organizacyjnych-z-lat-1989-1999\">&nbsp;Wykaz jednostek organizacyjnych z lat (1989- 1999)<\/h3>\n\n\n\n<h4 class=\"wp-block-heading\" id=\"gromady-zuchowe\">Gromady Zuchowe:<\/h4>\n\n\n\n<ul class=\"wp-block-list\">\n<li>Gromada Zuchowa \u201eT\u0119czowe Zuchy\u201d (1993 &#8211; 1998)<\/li>\n<\/ul>\n\n\n\n<h4 class=\"wp-block-heading\" id=\"druzyny-harcerskie-starszoharcerskie\">Dru\u017cyny Harcerskie, starszoharcerskie:<\/h4>\n\n\n\n<ul class=\"wp-block-list\">\n<li>29 Dru\u017cyna Harcerzy przy SP nr 110 (1989 &#8211; 2010)\n<ul class=\"wp-block-list\">\n<li>od 1992 Dru\u017cyna nosi nazw\u0119 29 Dru\u017cyna Harcerzy \u201eArnhem\u201d&nbsp;im. gen. St. F. Sosabowskiego,<\/li>\n\n\n\n<li>w 1998 nast\u0119puje fuzja 9 Dru\u017cyny Harcerzy &#8222;Driel&#8221; z 29 Dru\u017cyn\u0105 Harcerzy \u201eArnhem\u201d im. gen. St. F. Sosabowskiego<\/li>\n<\/ul>\n<\/li>\n\n\n\n<li>29 Dru\u017cyna Harcerek przy SP nr 110 (1992 &#8211; nadal)\n<ul class=\"wp-block-list\">\n<li>od 1999? Dru\u017cyna nosi nazw\u0119 29 Podg\u00f3rska Dru\u017cyna Harcerek \u201eOMAN\u201d im. Olgi Ma\u0142kowskiej<\/li>\n<\/ul>\n<\/li>\n\n\n\n<li>29 Dru\u017cyna Harcerzy Starszych \u201eArnhem\u201d (1993 &#8211; 1996)<\/li>\n<\/ul>\n\n\n\n<h4 class=\"wp-block-heading\" id=\"inne-jednostki\">&nbsp;Inne jednostki:<\/h4>\n\n\n\n<ul class=\"wp-block-list\">\n<li>Kr\u0105g Instruktorski przy 29 DH &#8222;Arnhem&#8221; (1995 &#8211; )<\/li>\n<\/ul>\n\n\n\n<h2 class=\"wp-block-heading\" id=\"zwiazek-5-tych-i-29-tych-druzyn-harcerskich-bractwo-1999-nadal\">Zwi\u0105zek 5-tych i 29-tych Dru\u017cyn Harcerskich \u201eBRACTWO\u201d (1999 &#8211; nadal)<\/h2>\n\n\n\n<h4 class=\"wp-block-heading\" id=\"gromady-zuchowe\">Gromady Zuchowe:<\/h4>\n\n\n\n<ul class=\"wp-block-list\">\n<li><strong>5 Podg\u00f3rska Gromada Zuchowa \u201eMagiczne Zuchy\u201d przy SP nr 29 (2007 &#8211; nadal)<\/strong><\/li>\n\n\n\n<li><strong>29 Podg\u00f3rska Gromada Zuchowa \u201eJamanije\u201d przy SP nr 30 (2005 &#8211; nadal)<\/strong><\/li>\n<\/ul>\n\n\n\n<h4 class=\"wp-block-heading\" id=\"druzyny-harcerskie-starszoharcerskie-i-wedrownicze\">Dru\u017cyny Harcerskie, starszoharcerskie i w\u0119drownicze:<\/h4>\n\n\n\n<ul class=\"wp-block-list\">\n<li><strong>5 Podg\u00f3rska Dru\u017cyna Harcerska&nbsp;(Harcerek, Harcerzy) \u201eEastwick\u201d (1928? &#8211; nadal)<\/strong>\n<ul class=\"wp-block-list\">\n<li>W 1948 otrzyma\u0142a sztandar.<\/li>\n\n\n\n<li>Od 2019 roku im. Zawiszy Czarnego<\/li>\n<\/ul>\n<\/li>\n\n\n\n<li>5 Pr\u00f3bna Dru\u017cyna Harcerzy przy SP nr 29 (2000 &#8211; 2001)<\/li>\n\n\n\n<li><strong>29 Podg\u00f3rska Dru\u017cyna Harcerska \u201eOMAN\u201d (im. Olgi Drahonowskiej-Ma\u0142kowskiej) (1989 &#8211; 2014, 2017, 2018-nadal)<\/strong>\n<ul class=\"wp-block-list\">\n<li>do 2010 roku \u017ce\u0144ska, p\u00f3\u017aniej koedukacyjna&nbsp;<\/li>\n\n\n\n<li>rozwi\u0105zana w 2014 r.,<\/li>\n\n\n\n<li>w 2017 r. powo\u0142ana jako pr\u00f3bna nie uko\u0144czy\u0142a okresu pr\u00f3bnego<\/li>\n\n\n\n<li>w 2018 r. powo\u0142ana ponownie jako pr\u00f3bna<\/li>\n\n\n\n<li>w 2023 r. im. Olgi Drahonowskiej-Ma\u0142kowskiej<\/li>\n<\/ul>\n<\/li>\n\n\n\n<li>29 Dru\u017cyna Harcerzy \u201eArnhem\u201d im. gen. St. F. Sosabowskiego (1989 &#8211; 2010)<\/li>\n\n\n\n<li>295 Podg\u00f3rska Dru\u017cyna W\u0119drownicza \u201eKPW\u201d (2006 &#8211; 2018)<\/li>\n\n\n\n<li>Pr\u00f3bna Dru\u017cyna Starszoharcerska przy Gim nr 22 (2010 &#8211; 2011)<\/li>\n\n\n\n<li>Pr\u00f3bna \u017be\u0144ska Dru\u017cyna Harcerek przy SP nr 29 (2011 &#8211; 2012)<\/li>\n\n\n\n<li>29 Podg\u00f3rska Dru\u017cyna Harcerzy Starszych &#8222;Terabithia&#8221; (2014 &#8211; 2018)<\/li>\n\n\n\n<li><strong>295 Podg\u00f3rska Dru\u017cyna Wielopoziomowa &#8222;Fuzja&#8221; (2018 &#8211; nadal)<\/strong><\/li>\n<\/ul>\n\n\n\n<h4 class=\"wp-block-heading\" id=\"inne-jednostki\">Inne jednostki:<\/h4>\n\n\n\n<ul class=\"wp-block-list\">\n<li>Kr\u0105g Instruktorski przy ZDH \u201eBractwo\u201d (1995 &#8211; 2003)<\/li>\n\n\n\n<li><strong>Kr\u0105g Instruktorski &#8222;Brotherhood\u201d (2015 &#8211; nadal)<\/strong><\/li>\n<\/ul>\n","protected":false},"excerpt":{"rendered":"<p>\u015arodowisko Podg\u00f3rskie Wykaz jednostek organizacyjnych istniej\u0105cych przed powstaniem Szczepu \u201eKraka\u201d (1928 &#8211; 1968) Dru\u017cyny (gromady) Zuchowe: Dru\u017cyny Harcerskie: Wykaz jednostek organizacyjnych dzia\u0142aj\u0105cych w Szczepie \u201eKraka\u201d (1968 &#8211; 1990) Dru\u017cyny (gromady) Zuchowe: Dru\u017cyny Harcerskie: Wykaz jednostek organizacyjnych z lat (1991 &#8211; 1999) Dru\u017cyny (gromady) Zuchowe: Dru\u017cyny Harcerskie: \u015arodowisko D\u0119bnickie Wykaz jednostek organizacyjnych w Szczepie \u201eD\u0119bnickim\u201d (1970 [&hellip;]<\/p>\n","protected":false},"author":1,"featured_media":393,"parent":147,"menu_order":0,"comment_status":"closed","ping_status":"open","template":"","meta":{"footnotes":""},"class_list":["post-153","page","type-page","status-publish","has-post-thumbnail","hentry"],"_links":{"self":[{"href":"https:\/\/bractwo.krakowpodgorze.zhp.pl\/index.php\/wp-json\/wp\/v2\/pages\/153","targetHints":{"allow":["GET"]}}],"collection":[{"href":"https:\/\/bractwo.krakowpodgorze.zhp.pl\/index.php\/wp-json\/wp\/v2\/pages"}],"about":[{"href":"https:\/\/bractwo.krakowpodgorze.zhp.pl\/index.php\/wp-json\/wp\/v2\/types\/page"}],"author":[{"embeddable":true,"href":"https:\/\/bractwo.krakowpodgorze.zhp.pl\/index.php\/wp-json\/wp\/v2\/users\/1"}],"replies":[{"embeddable":true,"href":"https:\/\/bractwo.krakowpodgorze.zhp.pl\/index.php\/wp-json\/wp\/v2\/comments?post=153"}],"version-history":[{"count":9,"href":"https:\/\/bractwo.krakowpodgorze.zhp.pl\/index.php\/wp-json\/wp\/v2\/pages\/153\/revisions"}],"predecessor-version":[{"id":1948,"href":"https:\/\/bractwo.krakowpodgorze.zhp.pl\/index.php\/wp-json\/wp\/v2\/pages\/153\/revisions\/1948"}],"up":[{"embeddable":true,"href":"https:\/\/bractwo.krakowpodgorze.zhp.pl\/index.php\/wp-json\/wp\/v2\/pages\/147"}],"wp:featuredmedia":[{"embeddable":true,"href":"https:\/\/bractwo.krakowpodgorze.zhp.pl\/index.php\/wp-json\/wp\/v2\/media\/393"}],"wp:attachment":[{"href":"https:\/\/bractwo.krakowpodgorze.zhp.pl\/index.php\/wp-json\/wp\/v2\/media?parent=153"}],"curies":[{"name":"wp","href":"https:\/\/api.w.org\/{rel}","templated":true}]}}