{"id":322,"date":"2015-05-05T19:41:30","date_gmt":"2015-05-05T17:41:30","guid":{"rendered":"http:\/\/localhost\/wordpress\/?page_id=322"},"modified":"2015-09-05T13:53:08","modified_gmt":"2015-09-05T11:53:08","slug":"kodeks-wedrowniczy","status":"publish","type":"page","link":"https:\/\/bractwo.krakowpodgorze.zhp.pl\/index.php\/wedrownictwo\/kodeks-wedrowniczy\/","title":{"rendered":"Kodeks W\u0119drowniczy"},"content":{"rendered":"<h2>W\u0119drownicza dewiza:<\/h2>\n<blockquote><p>WYJD\u0179 W \u015aWIAT, POMY\u015aL, POM\u00d3\u017b &#8211; DZIA\u0141AJ!<\/p><\/blockquote>\n<h2>Kodeks w\u0119drowniczy:<\/h2>\n<blockquote><p>By\u0107 w\u0119drownikiem\u00a0to niema\u0142a sztuka, a dost\u0119pna tylko dla tych, kt\u00f3rzy posiadaj\u0105 prawdziwie harcersk\u0105 postaw\u0119. W\u0119drownikowi nie wystarcza znajomo\u015b\u0107 miejsca zamieszkania, w\u0119drownika ciekawi \u015bwiat, w\u0119drownik, patrz\u0105c w sw\u0105 przysz\u0142o\u015b\u0107, pragnie odnale\u017a\u0107 w\u0142asn\u0105 \u015bcie\u017ck\u0119. W\u0119drowanie to znacznie wi\u0119cej ni\u017c przemierzanie kilometr\u00f3w czy wytrwa\u0142o\u015b\u0107 fizyczna. To sztuka wch\u0142aniania \u017cycia, kt\u00f3re nas otacza, to oczy i uszy otwarte, to tajemnica wsp\u00f3\u0142odczuwania przyrody i cz\u0142owieka. W\u0119dr\u00f3wk\u0105 nie b\u0119dzie przyspieszony tupot n\u00f3g, nadmiar krzykliwego humoru, lecz w\u0142a\u015bnie cisza w\u015br\u00f3d ciszy lasu, skupienie wobec wschod\u00f3w czy zachod\u00f3w s\u0142o\u0144ca. To wyczucie w\u0119drownik \u0142atwo odszuka w sobie.<\/p>\n<p>W\u0118DROWNIK\u00a0&#8211; jest zawsze got\u00f3w nie\u015b\u0107 pomoc.<\/p>\n<p>W\u0118DROWNIK\u00a0&#8211; bardziej ni\u017c jakikolwiek inny harcerz jest przyjacielem ca\u0142ego \u015bwiata. W\u0119drownika ci\u0105gnie si\u0142a nieprzeparta w dal na coraz to nowe, nieznane szlaki, nie pozwala zastygn\u0105\u0107 mu w wygodnym, osiad\u0142ym \u017cyciu, tocz\u0105cym si\u0119 zbyt wolno.<\/p>\n<p>W\u0118DROWNIK\u00a0&#8211; spostrzega urok \u017cycia wsz\u0119dzie, gdziekolwiek si\u0119 znajdzie, gdy\u017c odkrywa to, czego inni w pozornej monotonii codziennych dni dopatrzy\u0107 si\u0119 nie umiej\u0105. W\u0119drownik zna rado\u015b\u0107 trudnych zwyci\u0119stw, urok przyrody, pi\u0119kno zdobywania samotnie nie wydeptanych \u015bcie\u017cek.<\/p>\n<p>W\u0118DROWNIK\u00a0&#8211; stale uprawia w\u0119dr\u00f3wki, w\u0119druje w zimie, w lecie, na wsi, w mie\u015bcie, tropi miejsca, gdzie mo\u017ce by\u0107 po\u017cyteczny. Drog\u0119 jego w\u0119dr\u00f3wki wyznaczaj\u0105 warto\u015bci zawarte w Prawie i Przyrzeczeniu Harcerskim.<\/p><\/blockquote>\n","protected":false},"excerpt":{"rendered":"<p>W\u0119drownicza dewiza: WYJD\u0179 W \u015aWIAT, POMY\u015aL, POM\u00d3\u017b &#8211; DZIA\u0141AJ! Kodeks w\u0119drowniczy: By\u0107 w\u0119drownikiem\u00a0to niema\u0142a sztuka, a dost\u0119pna tylko dla tych, kt\u00f3rzy posiadaj\u0105 prawdziwie harcersk\u0105 postaw\u0119. W\u0119drownikowi nie wystarcza znajomo\u015b\u0107 miejsca zamieszkania, w\u0119drownika ciekawi \u015bwiat, w\u0119drownik, patrz\u0105c w sw\u0105 przysz\u0142o\u015b\u0107, pragnie odnale\u017a\u0107 w\u0142asn\u0105 \u015bcie\u017ck\u0119. W\u0119drowanie to znacznie wi\u0119cej ni\u017c przemierzanie kilometr\u00f3w czy wytrwa\u0142o\u015b\u0107 fizyczna. To sztuka [&hellip;]<\/p>\n","protected":false},"author":1,"featured_media":410,"parent":320,"menu_order":0,"comment_status":"closed","ping_status":"closed","template":"","meta":{"footnotes":""},"class_list":["post-322","page","type-page","status-publish","has-post-thumbnail","hentry"],"_links":{"self":[{"href":"https:\/\/bractwo.krakowpodgorze.zhp.pl\/index.php\/wp-json\/wp\/v2\/pages\/322","targetHints":{"allow":["GET"]}}],"collection":[{"href":"https:\/\/bractwo.krakowpodgorze.zhp.pl\/index.php\/wp-json\/wp\/v2\/pages"}],"about":[{"href":"https:\/\/bractwo.krakowpodgorze.zhp.pl\/index.php\/wp-json\/wp\/v2\/types\/page"}],"author":[{"embeddable":true,"href":"https:\/\/bractwo.krakowpodgorze.zhp.pl\/index.php\/wp-json\/wp\/v2\/users\/1"}],"replies":[{"embeddable":true,"href":"https:\/\/bractwo.krakowpodgorze.zhp.pl\/index.php\/wp-json\/wp\/v2\/comments?post=322"}],"version-history":[{"count":1,"href":"https:\/\/bractwo.krakowpodgorze.zhp.pl\/index.php\/wp-json\/wp\/v2\/pages\/322\/revisions"}],"predecessor-version":[{"id":501,"href":"https:\/\/bractwo.krakowpodgorze.zhp.pl\/index.php\/wp-json\/wp\/v2\/pages\/322\/revisions\/501"}],"up":[{"embeddable":true,"href":"https:\/\/bractwo.krakowpodgorze.zhp.pl\/index.php\/wp-json\/wp\/v2\/pages\/320"}],"wp:featuredmedia":[{"embeddable":true,"href":"https:\/\/bractwo.krakowpodgorze.zhp.pl\/index.php\/wp-json\/wp\/v2\/media\/410"}],"wp:attachment":[{"href":"https:\/\/bractwo.krakowpodgorze.zhp.pl\/index.php\/wp-json\/wp\/v2\/media?parent=322"}],"curies":[{"name":"wp","href":"https:\/\/api.w.org\/{rel}","templated":true}]}}